{"id":4024,"date":"2018-12-28T14:36:45","date_gmt":"2018-12-28T14:36:45","guid":{"rendered":"https:\/\/art-dental.cat\/avis-legal\/"},"modified":"2023-02-22T15:03:15","modified_gmt":"2023-02-22T15:03:15","slug":"avis-legal","status":"publish","type":"page","link":"https:\/\/art-dental.cat\/ca\/avis-legal\/","title":{"rendered":"Av\u00eds-legal"},"content":{"rendered":"\t\t<div data-elementor-type=\"wp-post\" data-elementor-id=\"4024\" class=\"elementor elementor-4024 elementor-248\">\n\t\t\t\t\t\t<div class=\"elementor-inner\">\n\t\t\t\t<div class=\"elementor-section-wrap\">\n\t\t\t\t\t\t\t\t\t<section class=\"elementor-section elementor-top-section elementor-element elementor-element-6e5f72b elementor-section-boxed elementor-section-height-default elementor-section-height-default\" data-id=\"6e5f72b\" data-element_type=\"section\" data-settings=\"{&quot;background_background&quot;:&quot;classic&quot;}\">\n\t\t\t\t\t\t<div class=\"elementor-container elementor-column-gap-default\">\n\t\t\t\t\t\t\t<div class=\"elementor-row\">\n\t\t\t\t\t<div class=\"elementor-column elementor-col-100 elementor-top-column elementor-element elementor-element-4b36ad2\" data-id=\"4b36ad2\" data-element_type=\"column\">\n\t\t\t<div class=\"elementor-column-wrap elementor-element-populated\">\n\t\t\t\t\t\t\t<div class=\"elementor-widget-wrap\">\n\t\t\t\t\t\t<div class=\"elementor-element elementor-element-a9d55e4 elementor-widget elementor-widget-text-editor\" data-id=\"a9d55e4\" data-element_type=\"widget\" data-widget_type=\"text-editor.default\">\n\t\t\t\t<div class=\"elementor-widget-container\">\n\t\t\t\t\t\t\t\t<div class=\"elementor-text-editor elementor-clearfix\">\n\t\t\t\t<h1>Av\u00eds legal i pol\u00edtica de privadesa<\/h1>\n\t\t\t\t\t<\/div>\n\t\t\t\t\t\t<\/div>\n\t\t\t\t<\/div>\n\t\t\t\t<div class=\"elementor-element elementor-element-e78c962 elementor-invisible elementor-widget elementor-widget-text-editor\" data-id=\"e78c962\" data-element_type=\"widget\" data-settings=\"{&quot;_animation&quot;:&quot;fadeIn&quot;,&quot;_animation_delay&quot;:300}\" data-widget_type=\"text-editor.default\">\n\t\t\t\t<div class=\"elementor-widget-container\">\n\t\t\t\t\t\t\t\t<div class=\"elementor-text-editor elementor-clearfix\">\n\t\t\t\t<p>Aquesta Pol\u00edtica de Privadesa ha estat desenvolupada tenint en compte el que disposa la Llei Org\u00e0nica de Protecci\u00f3 de Dades de car\u00e0cter personal en vigor, aix\u00ed com pel Reglament 2016\/679 del Parlament Europeu i del consell del 27 d&#8217;abril de 2016 relatiu a la protecci\u00f3 de les persones f\u00edsiques pel que fa al tractament de dades personals ia la circulaci\u00f3 d&#8217;aquestes dades, d&#8217;ara endavant el RGPD.<\/p>\n<p>Aquesta Pol\u00edtica de Privadesa t\u00e9 per objecte posar en coneixement dels titulars de les dades personals, respecte dels quals s&#8217;est\u00e0 demanant informaci\u00f3, els aspectes espec\u00edfics relatius al tractament les seves dades, entre altres coses, les finalitats dels tractaments, les dades de contacte per exercir els drets que us assisteixen, els terminis de conservaci\u00f3 de la informaci\u00f3 i les mesures de seguretat entre altres coses.<\/p>\n<p><strong>Responsable del Tractament<\/strong><\/p>\n<p><u>Denominaci\u00f3:<\/u> RV ART-DENTAL CASTELLBISBAL, SLP<\/p>\n<p><u>Adre\u00e7a:<\/u> Pla\u00e7a Llu\u00eds Companys 3 Bjs loc 5 &#8211; 08755 Castellbisbal, Barcelona<\/p>\n<p><u>Tel\u00e8fon de contacte:<\/u> 93 772 21 41 \/ WhatsApp 690 04 39 84<\/p>\n<p><u>Correu electr\u00f2nic:<\/u> recepcio@art-dental.cat<\/p>\n<p><u>Delegat de Protecci\u00f3 de Dades:<\/u> TECNODOSIS SL dpd@utpr.es<\/p>\n<p><strong> Tractaments de dades:<\/strong><\/p>\n<p>Les dades de car\u00e0cter personal que se sol\u00b7licitin, si escau, consistiran \u00fanicament en aquelles estrictament imprescindibles per identificar i atendre la sol\u00b7licitud realitzada pel titular dels mateixos, d&#8217;ara endavant l&#8217;interessat. Aquesta informaci\u00f3 ser\u00e0 tractada de manera lleial, l\u00edcita i transparent en relaci\u00f3 amb linteressat. D&#8217;altra banda, les dades personals seran recollides per a finalitats determinades expl\u00edcites i leg\u00edtimes, i no seran tractades ulteriorment de manera incompatible amb aquests fins.  <\/p>\n<p>Les dades recollides de cada interessat seran adequades, pertinents i no excessives en relaci\u00f3 a les finalitats corresponents per a cada cas, i seran actualitzades sempre que sigui necessari.<\/p>\n<p>El titular de les dades ser\u00e0 informat, amb car\u00e0cter previ a la recollida de les seves dades, dels extrems generals regulats en aquesta pol\u00edtica per tal que pugui prestar el consentiment expr\u00e9s, prec\u00eds i inequ\u00edvoc per al tractament de les seves dades, d&#8217;acord amb les seg\u00fcents aspectes.<\/p>\n<p><em><u>Finalitats del tractament.<\/u><\/em><\/p>\n<p>Les finalitats expl\u00edcites per a les quals es duen a terme cadascun dels tractaments estan recollits en les cl\u00e0usules informatives incorporades a cadascuna de les vies de presa de dades (formularis web, newsletter\u2026).<\/p>\n<p>No obstant aix\u00f2, les dades de car\u00e0cter personal de l&#8217;interessat seran tractades amb la finalitat exclusiva de proporcionar-los una resposta efectiva i atendre les sol\u00b7licituds practicades per l&#8217;usuari, especificades juntament amb l&#8217;opci\u00f3, el servei, el formulari o el sistema de presa de dades que el titular utilitzi.<\/p>\n<p><em><u>Legitimaci\u00f3<\/u><\/em><\/p>\n<p>Per regla general, previ al tractament de les dades personals, <strong>RV ART-DENTAL CASTELLBISBAL, SLP<\/strong> obt\u00e9 el consentiment expr\u00e9s i inequ\u00edvoc del titular, mitjan\u00e7ant la incorporaci\u00f3 de cl\u00e0usules de consentiment informat en els diferents sistemes de recollida d&#8217;informaci\u00f3.<\/p>\n<p> Aix\u00f2 no obstant, en cas que no es requereixi el consentiment de l&#8217;interessat, la base legitimadora del tractament en qu\u00e8 s&#8217;empara <strong>RV ART-DENTAL CASTELLBISBAL, SLP<\/strong> \u00e9s l&#8217;exist\u00e8ncia d&#8217;una llei o norma espec\u00edfica que autoritzi o exigeixi el tractament. dades de l&#8217;interessat.<\/p>\n<p><em><u>Destinataris<\/u><\/em><\/p>\n<p>Per regla general, <strong>RV ART-DENTAL CASTELLBISBAL, SLP<\/strong> no procedeix a la cessi\u00f3 o comunicaci\u00f3 de les dades a terceres entitats, llevat de les requerides legalment, no obstant, en cas que fos necessari, aquestes cessions o comunicacions de dades s&#8217;informen a l&#8217;interessat a trav\u00e9s de les cl\u00e0usules de consentiment informat contingudes a les diferents vies de recollida de dades personals. <\/p>\n<p><em><u>Proced\u00e8ncia<\/u><\/em><\/p>\n<p>Per regla general, les dades personals es recullen sempre directament de l&#8217;interessat, no obstant, en determinades excepcions, les dades poden ser recollides a trav\u00e9s de terceres persones, entitats o serveis diferents de l&#8217;interessat. En aquest sentit, aquest extrem ser\u00e0 traslladat a l&#8217;interessat a trav\u00e9s de les cl\u00e0usules de consentiment informat contingudes a les diferents vies de recollida d&#8217;informaci\u00f3 i dins d&#8217;un termini raonable, una vegada obtingudes les dades, i com a molt tard dins d&#8217;un mes. <\/p>\n<p><em><u>Terminis de conservaci\u00f3<\/u><\/em><\/p>\n<p>La informaci\u00f3 demanada de l&#8217;interessat ser\u00e0 conservada mentre sigui necess\u00e0ria per complir amb la finalitat per a la qual van ser recollides les dades personals, de manera que, una vegada complerta la finalitat, les dades seran cancel\u00b7lades. Aquesta cancel\u00b7laci\u00f3 donar\u00e0 lloc al bloqueig de les dades conservant-se \u00fanicament a disposici\u00f3 de les AAPP, jutges i tribunals, per atendre les possibles responsabilitats nascudes del tractament, durant el termini de prescripci\u00f3 d&#8217;aquestes, complert el termini esmentat es procedir\u00e0 a la destrucci\u00f3 de la informaci\u00f3 . <\/p>\n<p><strong>Dades de navegaci\u00f3:<\/strong><\/p>\n<p>Pel que fa a les dades de navegaci\u00f3 que es puguin tractar a trav\u00e9s del lloc web, en cas que es recullin dades sotmeses a la normativa, es recomana consultar la Pol\u00edtica de Cookies publicada al nostre lloc web.<\/p>\n<p><strong>Drets dels interessats:<\/strong><\/p>\n<p>La normativa en mat\u00e8ria de protecci\u00f3 de dades atorga una s\u00e8rie de drets als interessats o titulars de les dades, usuaris del lloc web o usuaris dels perfils de les xarxes socials de <strong>RV ART-DENTAL CASTELLBISBAL, SLP<\/strong><\/p>\n<p>Aquests drets que assisteixen a les persones interessades s\u00f3n els seg\u00fcents:<\/p>\n<ul>\n<li><u>Dret d&#8217;acc\u00e9s:<\/u> dret a obtenir informaci\u00f3 sobre si les vostres pr\u00f2pies dades estan sent objecte de tractament, la finalitat del tractament que s&#8217;estigui realitzant, les categories de dades que es tracti, els destinataris o categories de destinataris, el termini de conservaci\u00f3 i l&#8217;origen d&#8217;aquestes dades.<\/li>\n<li><u>Dret de rectificaci\u00f3:<\/u> dret a obtenir la rectificaci\u00f3 de les dades personals inexactes o incompletes.<\/li>\n<li><u>Dret de supressi\u00f3:<\/u> dret a obtenir la supressi\u00f3 de les dades personals.<\/li>\n<li><u>Dret d&#8217;oposici\u00f3:<\/u> dret a oposar-se a un tractament determinat basat en el consentiment de l&#8217;interessat.<\/li>\n<li><u>Dret de limitaci\u00f3:<\/u> dret a obtenir la limitaci\u00f3 del tractament de les dades.<\/li>\n<li><u>Dret a la portabilitat:<\/u> dret a obtenir les dades en un format estructurat, d\u00fas com\u00fa i de lectura mec\u00e0nica, ia transmetre-les a un altre responsable del tractament conforme a la normativa de protecci\u00f3 de dades.<\/li>\n<\/ul>\n<p>Aix\u00ed mateix, l&#8217;interessat t\u00e9 dret a presentar una reclamaci\u00f3 davant de l&#8217;autoritat de control competent<\/p>\n<p>Els interessats podran exercitar els drets indicats, adre\u00e7ant-se a <a href=\"mailto:recepcio@art-dental.cat\"><strong>recepcio@art-dental.cat<\/strong><\/a> mitjan\u00e7ant escrit, tram\u00e8s a la seg\u00fcent adre\u00e7a: <strong>Pla\u00e7a de Llu\u00eds Companys 3 Bjs loc 5 &#8211; 08755 Castellbisbal, Barcelona<\/strong> i adjuntant document acreditatiu de la identitat (pe DNI)<\/p>\n<p>En aquest sentit <strong>RV ART-DENTAL CASTELLBISBAL, SLP<\/strong> atendr\u00e0 la seva sol\u00b7licitud el m\u00e9s aviat possible i tenint en compte els terminis previstos a la normativa en mat\u00e8ria de protecci\u00f3 de dades.<\/p>\n<\/p>\n<p><strong>A Castellbisbal, 21 de febrer del 2022<\/strong><\/p>\n\t\t\t\t\t<\/div>\n\t\t\t\t\t\t<\/div>\n\t\t\t\t<\/div>\n\t\t\t\t\t\t<\/div>\n\t\t\t\t\t<\/div>\n\t\t<\/div>\n\t\t\t\t\t\t\t\t<\/div>\n\t\t\t\t\t<\/div>\n\t\t<\/section>\n\t\t\t\t\t\t\t\t\t<\/div>\n\t\t\t<\/div>\n\t\t\t\t\t<\/div>\n\t\t","protected":false},"excerpt":{"rendered":"<p>Av\u00eds legal i pol\u00edtica de privadesa Aquesta Pol\u00edtica de Privadesa ha estat desenvolupada tenint en compte el que disposa la Llei Org\u00e0nica de Protecci\u00f3 de Dades de car\u00e0cter personal en vigor, aix\u00ed com pel Reglament 2016\/679 del Parlament Europeu i del consell del 27 d&#8217;abril de 2016 relatiu a la protecci\u00f3 de les persones f\u00edsiques [&hellip;]<\/p>\n","protected":false},"author":3,"featured_media":0,"parent":0,"menu_order":0,"comment_status":"closed","ping_status":"closed","template":"elementor_header_footer","meta":[],"_links":{"self":[{"href":"https:\/\/art-dental.cat\/ca\/wp-json\/wp\/v2\/pages\/4024"}],"collection":[{"href":"https:\/\/art-dental.cat\/ca\/wp-json\/wp\/v2\/pages"}],"about":[{"href":"https:\/\/art-dental.cat\/ca\/wp-json\/wp\/v2\/types\/page"}],"author":[{"embeddable":true,"href":"https:\/\/art-dental.cat\/ca\/wp-json\/wp\/v2\/users\/3"}],"replies":[{"embeddable":true,"href":"https:\/\/art-dental.cat\/ca\/wp-json\/wp\/v2\/comments?post=4024"}],"version-history":[{"count":1,"href":"https:\/\/art-dental.cat\/ca\/wp-json\/wp\/v2\/pages\/4024\/revisions"}],"predecessor-version":[{"id":4025,"href":"https:\/\/art-dental.cat\/ca\/wp-json\/wp\/v2\/pages\/4024\/revisions\/4025"}],"wp:attachment":[{"href":"https:\/\/art-dental.cat\/ca\/wp-json\/wp\/v2\/media?parent=4024"}],"curies":[{"name":"wp","href":"https:\/\/api.w.org\/{rel}","templated":true}]}}

Avís-legal

<div data-elementor-type="wp-post" data-elementor-id="4024" class="elementor elementor-4024 elementor-248">
						<div class="elementor-inner">
				<div class="elementor-section-wrap">
									<section class="elementor-section elementor-top-section elementor-element elementor-element-6e5f72b elementor-section-boxed elementor-section-height-default elementor-section-height-default" data-id="6e5f72b" data-element_type="section" data-settings="{&quot;background_background&quot;:&quot;classic&quot;}">
						<div class="elementor-container elementor-column-gap-default">
							<div class="elementor-row">
					<div class="elementor-column elementor-col-100 elementor-top-column elementor-element elementor-element-4b36ad2" data-id="4b36ad2" data-element_type="column">
			<div class="elementor-column-wrap elementor-element-populated">
							<div class="elementor-widget-wrap">
						<div class="elementor-element elementor-element-a9d55e4 elementor-widget elementor-widget-text-editor" data-id="a9d55e4" data-element_type="widget" data-widget_type="text-editor.default">
				<div class="elementor-widget-container">
								<div class="elementor-text-editor elementor-clearfix">
				<h1>Avís legal i política de privadesa</h1>
					</div>
						</div>
				</div>
				<div class="elementor-element elementor-element-e78c962 elementor-invisible elementor-widget elementor-widget-text-editor" data-id="e78c962" data-element_type="widget" data-settings="{&quot;_animation&quot;:&quot;fadeIn&quot;,&quot;_animation_delay&quot;:300}" data-widget_type="text-editor.default">
				<div class="elementor-widget-container">
								<div class="elementor-text-editor elementor-clearfix">
				<p>Aquesta Política de Privadesa ha estat desenvolupada tenint en compte el que disposa la Llei Orgànica de Protecció de Dades de caràcter personal en vigor, així com pel Reglament 2016/679 del Parlament Europeu i del consell del 27 d&#8217;abril de 2016 relatiu a la protecció de les persones físiques pel que fa al tractament de dades personals ia la circulació d&#8217;aquestes dades, d&#8217;ara endavant el RGPD.</p>
<p>Aquesta Política de Privadesa té per objecte posar en coneixement dels titulars de les dades personals, respecte dels quals s&#8217;està demanant informació, els aspectes específics relatius al tractament les seves dades, entre altres coses, les finalitats dels tractaments, les dades de contacte per exercir els drets que us assisteixen, els terminis de conservació de la informació i les mesures de seguretat entre altres coses.</p>
<p><strong>Responsable del Tractament</strong></p>
<p><u>Denominació:</u> RV ART-DENTAL CASTELLBISBAL, SLP</p>
<p><u>Adreça:</u> Plaça Lluís Companys 3 Bjs loc 5 &#8211; 08755 Castellbisbal, Barcelona</p>
<p><u>Telèfon de contacte:</u> 93 772 21 41 / WhatsApp 690 04 39 84</p>
<p><u>Correu electrònic:</u> recepcio@art-dental.cat</p>
<p><u>Delegat de Protecció de Dades:</u> TECNODOSIS SL dpd@utpr.es</p>
<p><strong> Tractaments de dades:</strong></p>
<p>Les dades de caràcter personal que se sol·licitin, si escau, consistiran únicament en aquelles estrictament imprescindibles per identificar i atendre la sol·licitud realitzada pel titular dels mateixos, d&#8217;ara endavant l&#8217;interessat. Aquesta informació serà tractada de manera lleial, lícita i transparent en relació amb linteressat. D&#8217;altra banda, les dades personals seran recollides per a finalitats determinades explícites i legítimes, i no seran tractades ulteriorment de manera incompatible amb aquests fins.  </p>
<p>Les dades recollides de cada interessat seran adequades, pertinents i no excessives en relació a les finalitats corresponents per a cada cas, i seran actualitzades sempre que sigui necessari.</p>
<p>El titular de les dades serà informat, amb caràcter previ a la recollida de les seves dades, dels extrems generals regulats en aquesta política per tal que pugui prestar el consentiment exprés, precís i inequívoc per al tractament de les seves dades, d&#8217;acord amb les següents aspectes.</p>
<p><em><u>Finalitats del tractament.</u></em></p>
<p>Les finalitats explícites per a les quals es duen a terme cadascun dels tractaments estan recollits en les clàusules informatives incorporades a cadascuna de les vies de presa de dades (formularis web, newsletter…).</p>
<p>No obstant això, les dades de caràcter personal de l&#8217;interessat seran tractades amb la finalitat exclusiva de proporcionar-los una resposta efectiva i atendre les sol·licituds practicades per l&#8217;usuari, especificades juntament amb l&#8217;opció, el servei, el formulari o el sistema de presa de dades que el titular utilitzi.</p>
<p><em><u>Legitimació</u></em></p>
<p>Per regla general, previ al tractament de les dades personals, <strong>RV ART-DENTAL CASTELLBISBAL, SLP</strong> obté el consentiment exprés i inequívoc del titular, mitjançant la incorporació de clàusules de consentiment informat en els diferents sistemes de recollida d&#8217;informació.</p>
<p> Això no obstant, en cas que no es requereixi el consentiment de l&#8217;interessat, la base legitimadora del tractament en què s&#8217;empara <strong>RV ART-DENTAL CASTELLBISBAL, SLP</strong> és l&#8217;existència d&#8217;una llei o norma específica que autoritzi o exigeixi el tractament. dades de l&#8217;interessat.</p>
<p><em><u>Destinataris</u></em></p>
<p>Per regla general, <strong>RV ART-DENTAL CASTELLBISBAL, SLP</strong> no procedeix a la cessió o comunicació de les dades a terceres entitats, llevat de les requerides legalment, no obstant, en cas que fos necessari, aquestes cessions o comunicacions de dades s&#8217;informen a l&#8217;interessat a través de les clàusules de consentiment informat contingudes a les diferents vies de recollida de dades personals. </p>
<p><em><u>Procedència</u></em></p>
<p>Per regla general, les dades personals es recullen sempre directament de l&#8217;interessat, no obstant, en determinades excepcions, les dades poden ser recollides a través de terceres persones, entitats o serveis diferents de l&#8217;interessat. En aquest sentit, aquest extrem serà traslladat a l&#8217;interessat a través de les clàusules de consentiment informat contingudes a les diferents vies de recollida d&#8217;informació i dins d&#8217;un termini raonable, una vegada obtingudes les dades, i com a molt tard dins d&#8217;un mes. </p>
<p><em><u>Terminis de conservació</u></em></p>
<p>La informació demanada de l&#8217;interessat serà conservada mentre sigui necessària per complir amb la finalitat per a la qual van ser recollides les dades personals, de manera que, una vegada complerta la finalitat, les dades seran cancel·lades. Aquesta cancel·lació donarà lloc al bloqueig de les dades conservant-se únicament a disposició de les AAPP, jutges i tribunals, per atendre les possibles responsabilitats nascudes del tractament, durant el termini de prescripció d&#8217;aquestes, complert el termini esmentat es procedirà a la destrucció de la informació . </p>
<p><strong>Dades de navegació:</strong></p>
<p>Pel que fa a les dades de navegació que es puguin tractar a través del lloc web, en cas que es recullin dades sotmeses a la normativa, es recomana consultar la Política de Cookies publicada al nostre lloc web.</p>
<p><strong>Drets dels interessats:</strong></p>
<p>La normativa en matèria de protecció de dades atorga una sèrie de drets als interessats o titulars de les dades, usuaris del lloc web o usuaris dels perfils de les xarxes socials de <strong>RV ART-DENTAL CASTELLBISBAL, SLP</strong></p>
<p>Aquests drets que assisteixen a les persones interessades són els següents:</p>
<ul>
<li><u>Dret d&#8217;accés:</u> dret a obtenir informació sobre si les vostres pròpies dades estan sent objecte de tractament, la finalitat del tractament que s&#8217;estigui realitzant, les categories de dades que es tracti, els destinataris o categories de destinataris, el termini de conservació i l&#8217;origen d&#8217;aquestes dades.</li>
<li><u>Dret de rectificació:</u> dret a obtenir la rectificació de les dades personals inexactes o incompletes.</li>
<li><u>Dret de supressió:</u> dret a obtenir la supressió de les dades personals.</li>
<li><u>Dret d&#8217;oposició:</u> dret a oposar-se a un tractament determinat basat en el consentiment de l&#8217;interessat.</li>
<li><u>Dret de limitació:</u> dret a obtenir la limitació del tractament de les dades.</li>
<li><u>Dret a la portabilitat:</u> dret a obtenir les dades en un format estructurat, dús comú i de lectura mecànica, ia transmetre-les a un altre responsable del tractament conforme a la normativa de protecció de dades.</li>
</ul>
<p>Així mateix, l&#8217;interessat té dret a presentar una reclamació davant de l&#8217;autoritat de control competent</p>
<p>Els interessats podran exercitar els drets indicats, adreçant-se a <a href="mailto:recepcio@art-dental.cat"><strong>recepcio@art-dental.cat</strong></a> mitjançant escrit, tramès a la següent adreça: <strong>Plaça de Lluís Companys 3 Bjs loc 5 &#8211; 08755 Castellbisbal, Barcelona</strong> i adjuntant document acreditatiu de la identitat (pe DNI)</p>
<p>En aquest sentit <strong>RV ART-DENTAL CASTELLBISBAL, SLP</strong> atendrà la seva sol·licitud el més aviat possible i tenint en compte els terminis previstos a la normativa en matèria de protecció de dades.</p>
</p>
<p><strong>A Castellbisbal, 21 de febrer del 2022</strong></p>
					</div>
						</div>
				</div>
						</div>
					</div>
		</div>
								</div>
					</div>
		</section>
									</div>
			</div>
					</div>

<p>Avís legal i política de privadesa Aquesta Política de Privadesa ha estat desenvolupada tenint en compte el que disposa la Llei Orgànica de Protecció de Dades de caràcter personal en vigor, així com pel Reglament 2016/679 del Parlament Europeu i del consell del 27 d&#8217;abril de 2016 relatiu a la protecció de les persones físiques [&hellip;]</p>
